{"id":32830,"date":"2023-09-21T14:25:47","date_gmt":"2023-09-21T12:25:47","guid":{"rendered":"https:\/\/shop.swissphotoclub.com\/?post_type=product&#038;p=32830"},"modified":"2023-09-26T21:29:48","modified_gmt":"2023-09-26T19:29:48","slug":"artists-corner-koeln-deine-ausstellungsflaeche","status":"publish","type":"product","link":"https:\/\/shop.swissphotoclub.com\/de\/produkt\/artists-corner-koeln-deine-ausstellungsflaeche\/","title":{"rendered":"Artist&#8217;s Corner K\u00f6ln: deine Ausstellungsfl\u00e4che"},"content":{"rendered":"<p>2 Laufmeter Wand, wo du Fotos deiner Wahl selbst aufh\u00e4ngen und \u00fcber 1 Woche ausstellen und verkaufen kannst.<br \/>\nDeine eigene Ausstellungsfl\u00e4che im Rahmen der SPC Photo Awards K\u00f6ln.<\/p>\n<p>Ausstellungszeitraum:<br \/>\n13.-\u00a0 21. Oktober\u00a0 in der Galerie Seippel mitten in K\u00f6ln (N\u00e4he Dom).<\/p>\n<ul>\n<li>Du bringst und h\u00e4ngst deine eigenen Bilder auf und ab. (Die Miete umfasst lediglich die reine Wandfl\u00e4che)<\/li>\n<li>Aufbau nach Absprache: Donnerstag und \/ oder Freitag zwischen 10:00 &#8211; 17:00 Uhr<\/li>\n<li>Vernissage: Freitag, 13. Oktober 17:00 &#8211; 21:00 Uhr<\/li>\n<li>Finissage: Samstag, 21, Oktober 15:00 Uhr<\/li>\n<li>Abbau: direkt im Anschluss an die Finissage, 16:00 &#8211; 19:00 Uhr.<\/li>\n<\/ul>\n<p><strong>Melde dich bei uns unter hello@swissphotoclub.com f\u00fcr weitere Infos &amp; Details \ud83d\ude42<\/strong><\/p>\n","protected":false},"excerpt":{"rendered":"<p>2 Laufmeter Wand in der Galerie Seippel in K\u00f6ln. Hier kannst du deine Bilder \u00fcber 1 Woche ausstellen und verkaufen.<br \/>\nWir nehmen keine Verkaufsprovision. \u00dcber Preis und Abwicklung deiner Verk\u00e4ufe entscheidest alleine du.<\/p>\n","protected":false},"featured_media":32771,"template":"","meta":{"_crdt_document":""},"product_brand":[],"product_cat":[290,241,245],"product_tag":[312,313],"class_list":{"0":"post-32830","1":"product","2":"type-product","3":"status-publish","4":"has-post-thumbnail","6":"product_cat-awards-de","7":"product_cat-produkte","8":"product_cat-nicht-kategorisiert","9":"product_tag-awards","10":"product_tag-artists-corner","12":"first","13":"instock","14":"sold-individually","15":"taxable","16":"shipping-taxable","17":"product-type-simple"},"_links":{"self":[{"href":"https:\/\/shop.swissphotoclub.com\/de\/wp-json\/wp\/v2\/product\/32830","targetHints":{"allow":["GET"]}}],"collection":[{"href":"https:\/\/shop.swissphotoclub.com\/de\/wp-json\/wp\/v2\/product"}],"about":[{"href":"https:\/\/shop.swissphotoclub.com\/de\/wp-json\/wp\/v2\/types\/product"}],"version-history":[{"count":4,"href":"https:\/\/shop.swissphotoclub.com\/de\/wp-json\/wp\/v2\/product\/32830\/revisions"}],"predecessor-version":[{"id":32841,"href":"https:\/\/shop.swissphotoclub.com\/de\/wp-json\/wp\/v2\/product\/32830\/revisions\/32841"}],"wp:featuredmedia":[{"embeddable":true,"href":"https:\/\/shop.swissphotoclub.com\/de\/wp-json\/wp\/v2\/media\/32771"}],"wp:attachment":[{"href":"https:\/\/shop.swissphotoclub.com\/de\/wp-json\/wp\/v2\/media?parent=32830"}],"wp:term":[{"taxonomy":"product_brand","embeddable":true,"href":"https:\/\/shop.swissphotoclub.com\/de\/wp-json\/wp\/v2\/product_brand?post=32830"},{"taxonomy":"product_cat","embeddable":true,"href":"https:\/\/shop.swissphotoclub.com\/de\/wp-json\/wp\/v2\/product_cat?post=32830"},{"taxonomy":"product_tag","embeddable":true,"href":"https:\/\/shop.swissphotoclub.com\/de\/wp-json\/wp\/v2\/product_tag?post=32830"}],"curies":[{"name":"wp","href":"https:\/\/api.w.org\/{rel}","templated":true}]}}

Artist&#8217;s Corner Köln: deine Ausstellungsfläche

<p>2 Laufmeter Wand, wo du Fotos deiner Wahl selbst aufhängen und über 1 Woche ausstellen und verkaufen kannst.<br />
Deine eigene Ausstellungsfläche im Rahmen der SPC Photo Awards Köln.</p>
<p>Ausstellungszeitraum:<br />
13.-  21. Oktober  in der Galerie Seippel mitten in Köln (Nähe Dom).</p>
<ul>
<li>Du bringst und hängst deine eigenen Bilder auf und ab. (Die Miete umfasst lediglich die reine Wandfläche)</li>
<li>Aufbau nach Absprache: Donnerstag und / oder Freitag zwischen 10:00 &#8211; 17:00 Uhr</li>
<li>Vernissage: Freitag, 13. Oktober 17:00 &#8211; 21:00 Uhr</li>
<li>Finissage: Samstag, 21, Oktober 15:00 Uhr</li>
<li>Abbau: direkt im Anschluss an die Finissage, 16:00 &#8211; 19:00 Uhr.</li>
</ul>
<p><strong>Melde dich bei uns unter hello@swissphotoclub.com für weitere Infos &amp; Details 🙂</strong></p>

<p>2 Laufmeter Wand in der Galerie Seippel in Köln. Hier kannst du deine Bilder über 1 Woche ausstellen und verkaufen.<br />
Wir nehmen keine Verkaufsprovision. Über Preis und Abwicklung deiner Verkäufe entscheidest alleine du.</p>
